 Suppose o - 32 = i*s. What is the highest common factor of 55 and s?
11
Let b(x) = -x**2 - 7*x + 6. Let f be b(-7). Suppose -2*t = 5*s - 157, -3*t - 3*s + 208 = -s. Calculate the greatest common factor of f and t.
6
Let l(n) = n**2 + 9*n + 8. Let u be l(-7). Let o(b) = b**2 - 4*b - 9. Let r be o(u). Let j = -8 + 42. What is the greatest common divisor of j and r?
17
Suppose 19 + 41 = 4*w. Suppose 3*h + 0*h - 135 = 0. Calculate the greatest common divisor of w and h.
15
Suppose 4*j - 14 - 6 = 0. Suppose 64 + 26 = j*o. What is the greatest common factor of 45 and o?
9
Suppose 0 = 4*t - x + 3*x - 946, -2*x = -4*t + 958. Calculate the highest common factor of 34 and t.
34
Let y(v) = v**3 + 13*v**2 - 30*v + 11. Let f be y(-15). Suppose 2*d - d = 121. What is the highest common divisor of f and d?
11
Let l(x) = -x + 18. Let b be l(8). Let h be ((-285)/25)/((-2)/b). Suppose -2*p + 58 = 5*y, -4*y = -0*p - p + 3. What is the greatest common factor of p and h?
19
Let l(a) = a**2 - 9*a + 11. Let w be l(8). Calculate the highest common divisor of 6 and w.
3
Let c(w) = w**3 - 2*w**2 + 3*w + 2. Let h be c(3). Calculate the greatest common divisor of h and 220.
20
Let j(h) = 0*h - h + 4 - 2*h + 5*h. Let f be j(11). Suppose 5*k = 209 - 14. What is the highest common divisor of k and f?
13
Let g be (-1)/(-4 + 1 - 715/(-240)). Calculate the greatest common divisor of 72 and g.
24
Suppose 13 - 18 = -5*f. What is the highest common divisor of 30 and f?
1
Let u(f) = -f**3 + f - 4. Let w be u(-5). Suppose -4*v + w = -0*s - 4*s, -3*v + 93 = 3*s. Suppose a - 6 - 4 = 0. What is the highest common factor of a and v?
10
Let n(q) = 6*q**2 + 3*q + 7. Let u be n(-2). Calculate the greatest common factor of u and 275.
25
Suppose 2*f + 6 = f. Let g be (-98)/f + (-1)/3. Let d = 26 - 10. What is the highest common divisor of g and d?
16
Let v = -33 - -73. Let f(j) = j**2 + j - 1. Let x be f(-3). What is the highest common factor of x and v?
5
Suppose 58*s - 63*s = -175. Suppose 0*c = -5*c + 25. Let i(h) = h**3 - 3*h**2 - 6*h - 6. Let o be i(c). Calculate the highest common factor of o and s.
7
Let k(i) = -i**3 + 10*i**2 + 16*i - 33. Let g be k(11). What is the greatest common divisor of g and 110?
22
Suppose -4*w - v = -4*v - 34, -2*w + 6 = 4*v. Calculate the highest common factor of 7 and w.
7
Let d be (1/((-6)/(-4)))/((-5)/(-285)). What is the greatest common divisor of 95 and d?
19
Suppose 4*y = 3*n - 3, -n + 2*n = -4*y + 1. Suppose -4*s - s + 65 = y. What is the greatest common factor of s and 143?
13
Suppose -34 = -4*b - 5*z, -8*b = -6*b + z - 14. Calculate the greatest common divisor of 48 and b.
6
Let z = 16 + -5. Let h(c) = -6*c - 4*c**2 - 2*c**2 - 2*c + c**2 + c**3 - 7. Let m be h(8). Calculate the greatest common divisor of m and z.
11
Let y(f) = -f**3 + 7*f**2 + 8*f + 16. Let o be y(8). Let p be (-8)/(-10)*(-10)/(-4). What is the greatest common factor of p and o?
2
Let n(l) = l**3 + 7. Let c be n(0). Suppose 0 = -3*p + c*p - 168. Suppose -3*a = 6, -2*z + a + a + 16 = 0. Calculate the highest common factor of p and z.
6
Suppose -1 + 131 = -5*l. Let m = l - -71. Calculate the greatest common factor of m and 18.
9
Let h be (-3 - 15/6)*(-4)/2. Calculate the highest common factor of h and 33.
11
Let s(n) = 20*n + 8. Let f be s(3). Calculate the highest common divisor of 17 and f.
17
Let g = -10 - -34. What is the highest common divisor of 6 and g?
6
Suppose 2*n - n - 105 = 0. Let c be ((-30)/8)/(-3*(-3)/(-36)). Calculate the greatest common divisor of c and n.
15
Let t(m) = m**3 + 5*m**2 - 9*m - 11. Let a be t(-6). Suppose b - 24 = 11. What is the highest common factor of a and b?
7
Let q(c) = -3*c**3 + 3*c**2 + c - 2. Let z be q(2). Let k be z/4 - -13 - 1. Calculate the greatest common factor of k and 3.
3
Let l be 100/6*120/25. Calculate the highest common factor of l and 64.
16
Let f = -2 + 3. Let c = f - -7. Let j = 128 + -72. Calculate the highest common divisor of j and c.
8
Suppose 0 = n - r, -5 = 3*n - 4*r - 2. Suppose 0 = -5*d + n*d + 90. What is the highest common factor of 5 and d?
5
Let j(b) = 5*b - 8. Let w be j(3). What is the highest common factor of w and 7?
7
Suppose 5*a + 171 = 2*j, j - 82 = -3*a + 9. Suppose 23*c = 27*c - j. Calculate the greatest common divisor of c and 220.
22
Let b be (-30)/(-12)*(-8)/(-5). Suppose 4*w = b*p + 40, -w - 5*p = -4*w + 34. What is the highest common divisor of w and 8?
8
Suppose -4*z + s - 6*s = -64, -5*z - 4*s = -71. Calculate the highest common divisor of 44 and z.
11
Let l be (-7 + 18)/(2/4). Suppose -2*f - 281 = -5*y, 12 = -3*f + 3. Calculate the highest common factor of l and y.
11
Let h = -27 + 72. Suppose 8*g = 3*g + 75. What is the highest common divisor of g and h?
15
Let s = -8 + 7. Let l be s/(-4)*(13 + -9). Let z be ((-6)/(-5))/(l/20). Calculate the highest common divisor of z and 12.
12
Suppose 4*m + 94 = 5*f, 0*m + 122 = 5*f + 3*m. Let i(w) = w + 8. Let x be i(-12). Let s be (-446)/(-8) + 3/x. Calculate the highest common divisor of f and s.
11
Suppose x - l = -0*l, -x - 5*l = -12. Let c(a) = 0*a**3 - a**2 + a + x*a**3 - a**3 + 1. Let z be c(2). What is the highest common divisor of 7 and z?
7
Suppose 5 = -4*p - 3. Let d be 0 + (0 - p) + 15. What is the highest common divisor of 34 and d?
17
Suppose 3*v + 48 = 6*v. What is the greatest common divisor of 4 and v?
4
Let p = -8 - -11. Suppose -28 = -2*k + p*t + 4, -3*k + 48 = 4*t. What is the highest common divisor of k and 80?
16
Suppose -4*b - 110 = -4*q - 42, -5*b - 22 = -2*q. What is the highest common factor of 105 and q?
21
Let f be (-8 - 3)*(-2 + 1). Let u(g) = g**3 - 9*g**2 - 16*g + 11. Let v be u(10). Let y be 1382/14 - 14/v. What is the highest common divisor of f and y?
11
Let j be 15/25 - 3/(45/(-66)). Calculate the highest common divisor of j and 5.
5
Let h(g) = 5*g + 3*g - 4*g. Suppose 0*p + 4*p - 20 = 0. Let i be h(p). Calculate the greatest common factor of 50 and i.
10
Let z(x) = 15*x**2 - x + 2. Let f = -6 + 8. Let y be z(f). Let l be 2/(-6) + (-322)/(-21). What is the highest common divisor of l and y?
15
Let y = 20 - 6. Calculate the highest common factor of 140 and y.
14
Let w be -1*((-2 - -2) + -2). Let r = w - -4. Suppose -3*b = b - 8. What is the highest common divisor of r and b?
2
Let u be (120/(-18))/((-280)/138 - -2). Calculate the highest common divisor of 10 and u.
10
Suppose 4*v - 69 = -13. Let x be (2/3)/(v/441). What is the greatest common divisor of 84 and x?
21
Suppose 37 + 38 = i. Suppose 3*k - 54 - 36 = 0. What is the highest common divisor of i and k?
15
Let a = -83 + 125. What is the greatest common divisor of 14 and a?
14
Let v = -20 + 55. Let c = -23 + v. Let j be 1988/21 + (-4)/(-3). What is the greatest common divisor of j and c?
12
Suppose l - 20 = 4*u, 2*u - 103 + 29 = -3*l. Calculate the greatest common divisor of l and 48.
24
Let r = -35 + -4. Let m = r + 61. Calculate the greatest common factor of m and 55.
11
Let o = 36 + -22. What is the greatest common factor of o and 35?
7
Let a(o) = o**2 - 5*o. Let h be a(6). Calculate the highest common divisor of 30 and h.
6
Let a(p) be the first derivative of p**3/3 + p**2/2 - 6*p - 2. Let n be a(7). Calculate the highest common divisor of 10 and n.
10
Let b = 13 - 12. Calculate the highest common factor of b and 4.
1
Let h(n) = n. Let y be h(2). Suppose -y*t + 6 + 4 = 0, -3*d + 3*t = -594. Let r = -91 + d. Calculate the highest common factor of 28 and r.
28
Let c(i) = i**2 + i - 4. Let g be c(-3). Suppose -48 = -g*o - o. Let y be 2/(-6) + 63/27. What is the highest common divisor of o and y?
2
Suppose 9*x - 199 = 521. Suppose 9 = 2*w - 3*q, -4*q + q = -w. Let u be (23 - -1)/(w/6). What is the highest common divisor of x and u?
16
Suppose 2*u + 54 = -u. Let l be 1/3*(-6 - u). Calculate the highest common factor of l and 4.
4
Let y be (-18)/2*8/(-6). Let a = 38 + -22. Let u = -10 + a. Calculate the highest common divisor of y and u.
6
Suppose u = 3, 3*s - u - 5 - 7 = 0. Let a be 0 + 1 + 5/s. Suppose -a*t = -5*t + 168. What is the greatest common factor of t and 8?
8
Suppose 3*p = -2*w + 98, -3*w - 5*p + 46 = -99. Suppose w = 5*m - 0*m. What is the greatest common divisor of m and 44?
11
Let m be 2/4*(-10 - 0). Let s be (-2)/m - (-32)/(-5). Let n(l) = l**2 + 5*l + 1